 -4 - 14 = -2*i + x. Let y = i - 5. Suppose v - 19 = 2*g, -y*v - 3*g + 48 = -50. What is the tens digit of v?
2
Suppose -2*p = 3*p - 15. Let a(g) = -2*g**3 - 9 + 16 + 6*g + g**p - 7*g**2. What is the units digit of a(-8)?
3
Let g = 4818 + -2719. What is the units digit of g?
9
Suppose 2*n + 52 = i, 0 = -5*i - 0*i - 2*n + 308. Suppose -15*b - i = -17*b. What is the units digit of b?
0
Suppose -10 = -5*l - 4*s, s + 4*s = -5*l + 10. Suppose 233 = 3*q - l*v, -4*q + 6*q - 149 = -5*v. Let c = q - 39. What is the units digit of c?
8
Let z be ((-2)/3)/(10/(-15225)). Suppose 2*h = -5*f + 4*h + z, 5*h - 812 = -4*f. What is the tens digit of f?
0
Let z(x) be the second derivative of -x**5/20 - 11*x**4/12 + 3*x. Let i be z(-11). Suppose i = 5*t - 107 - 8. What is the tens digit of t?
2
Let g(d) = -d**3 - 20*d**2 + 2*d + 1. What is the tens digit of g(-22)?
2
Let w = 45 + -7. Suppose y + w = 3*i, 3*y - 19 = -4*i + 36. What is the tens digit of i?
1
Let x(w) = -w**2 - w + 16. Let q be x(11). Let s = q - -164. Suppose 0*v + 3*v - s = 0. What is the tens digit of v?
1
What is the hundreds digit of (-108423)/(-273) + 4/(-26)?
3
Suppose 64*d = 8446 - 1342. What is the units digit of d?
1
Suppose 0*a + 3*a = -2*g - 23, -3*g + 2*a = 15. Let k(z) = -z**2 + z + 9. Let u be k(g). Let r = 84 + u. What is the units digit of r?
7
Suppose -8*o = -3*o - 910. What is the tens digit of o?
8
Let h = 183 + 891. What is the thousands digit of h?
1
Let p = -885 + 1302. What is the units digit of p?
7
Let s(y) = -y**2 - 2*y + 21. Let p be s(-7). What is the hundreds digit of (-1448)/p - 2 - 9/21?
1
Let o = 62 - 60. Suppose -38 = -6*u + 5*u - o*f, -5*u - 3*f + 169 = 0. What is the units digit of u?
2
Let n(y) = y**3 - y**2 - y - 2. Let h = -16 - -18. Suppose -h*p = 4*w - 18, 7 = -3*p + 5*w + 1. What is the units digit of n(p)?
3
Let u be 1054/(-31)*1*-1. Let k = 39 - u. What is the units digit of k?
5
Suppose 0 = 9*i - 4193 - 487. What is the units digit of i?
0
Let f(n) = -2*n**3 - 52*n**2 - 13*n - 15. What is the hundreds digit of f(-26)?
3
What is the units digit of (-3)/5 + 86/20*292?
5
Let b(s) = -3*s**3 - s**2 + 3*s + 4. Suppose 2*g + 17 = 11. What is the units digit of b(g)?
7
Suppose -f + 16 = 3*f. Suppose -204 = q - f*q. What is the units digit of q?
8
Let h = -27 + 39. Suppose 5*y - y = h. Suppose 3*g - 53 = -2*j, -4*g + 68 = -y*j + 7*j. What is the tens digit of g?
1
Suppose -229*r + 27 = -226*r. Suppose -r*n + 8*n + 143 = 0. What is the tens digit of n?
4
Let z(d) = -9*d - 6. Let n(y) = -y - 1. Let t(r) = -5*n(r) + z(r). Suppose -4 - 6 = 5*q. What is the units digit of t(q)?
7
Suppose 5*u + 3*j + 22 = 0, -4*j - 6 = -3*u - 2*u. Let x = -17 - -33. Let k = x + u. What is the units digit of k?
4
Suppose -4*u + 17 = 1. Suppose -2*k - 2 + 0 = 0, -k = 3*l - 272. Suppose -b + 32 = g + u*b, 5*g + 2*b - l = 0. What is the units digit of g?
7
Let l = 8 - 5. Let s be (4/(-1) + -2 + 6)/(-1). Let u = s + l. What is the units digit of u?
3
Let v(p) = -p + 11. Suppose -90 = -4*d - 26. Suppose 7*w = 9*w - d. What is the units digit of v(w)?
3
Suppose -4*n + 0 = -16. Suppose 6*r + n*a = r + 180, -5*r - 2*a = -190. What is the units digit of r?
0
Let y be (2 - (-97 - (-3)/(-1))) + 0. Let i = 162 - y. What is the tens digit of i?
6
Let s = 34 - 39. Let o be 8/(-40) - (-19)/s. Let c = 42 + o. What is the units digit of c?
8
Let x(f) = -2*f - 1. Let d be x(0). Let t = d - -5. Suppose 0 = -g + 5*o + 35, t*g - o + 6*o - 40 = 0. What is the tens digit of g?
1
Let f(u) = -2*u + 14. Let k be f(7). Let c(g) = -g**3 + g + 51. What is the tens digit of c(k)?
5
Let t = -1401 - -4117. What is the tens digit of t?
1
Suppose -3*j = -6*j. Suppose j = 15*y - 13*y - 206. What is the units digit of y?
3
What is the tens digit of (-4)/(((-6)/21)/2)?
2
Let c(g) = -2*g**2 + 18*g + 3. Let q be c(9). Suppose -548 = -4*h - q*l, 0*h - 5*h - 3*l = -682. What is the hundreds digit of h?
1
What is the thousands digit of ((4 - -11800)/(-1))/(5 - 7)?
5
Let p(c) = -c**2 + 6. Let s be p(-2). Suppose -58 = -n - 2*h, s*n = -3*n + 4*h + 276. What is the tens digit of n?
5
Suppose -3*l - 180 = -6*l. Let b(j) = j**2 + 4*j + 1. Let y be b(-5). Suppose l = y*n - 2*n. What is the units digit of n?
5
Let u(o) = -210*o - 57. What is the tens digit of u(-12)?
6
Let a(j) = 4*j**2 - 7*j + 10. Let p be a(10). Let k = p + -234. Let n = k + -55. What is the units digit of n?
1
Suppose 5*s - 3*s = 5*a - 45349, -a - 4*s = -9061. Let v = a + -6459. What is the units digit of v/72 + (-1)/4?
6
Let a be 4/6 - 3174/(-18). Suppose 4*x = -a + 473. What is the tens digit of x?
7
Let g = -1 + -19. Let t = -4 - g. Suppose 0 = -l - 3 + t. What is the tens digit of l?
1
Let k = -32 + 38. Suppose -3*v - k = 0, -3*x + 172 - 52 = 3*v. What is the units digit of x?
2
Let c be 4/14 - (3 + 7934/(-14)). Suppose 3*a = -3*a + c. What is the units digit of a?
4
Let d be 150/(-1) - (-36)/(-12). Let v be (-1)/(-3) - d/27. Suppose 9*y - 57 = v*y. What is the units digit of y?
9
Let h be 7 + (2 - 4)*-2. What is the tens digit of h/(11/106) - 0?
0
Let m = 11 - 7. Suppose 0 = m*d + d. Suppose x - 3 = d, -79 = -4*s - 4*x - x. What is the units digit of s?
6
Suppose -3*o + 163 = -4*w - 3309, 4*w - 5*o + 3472 = 0. What is the tens digit of w/(-35)*(-10)/(-4)?
6
Suppose -5 = 2*x + 13. Let a = -3 - x. What is the units digit of a?
6
Suppose 4*m - 45 = -m. Let l = 4 - 2. Let k = m + l. What is the tens digit of k?
1
Let l(c) = -c + 1. Let p(w) = -13*w + 9. Let k(f) = -2*l(f) + p(f). What is the tens digit of k(-11)?
2
Let d(k) = 560*k**3 + 6*k**2 - 6*k. What is the tens digit of d(1)?
6
Let o = 53 + -43. Let p(q) = -q**3 + 10*q**2 + 7*q - 21. What is the tens digit of p(o)?
4
Let b = -147 + 280. Suppose 2*o = -3 + b. Suppose -4*r - r = -o. What is the units digit of r?
3
What is the units digit of 1 - (-7)/(-4) - (-513)/12?
2
Let g = -21 + 34. Suppose 3*s + 3*d = 33, -g = -3*s + d + 12. What is the units digit of s?
9
Let u(j) = j. Suppose 0 = 7*c - 8*c + 1. Let g(m) = m**2 - 4*m - 1. Let s(k) = c*g(k) + 4*u(k). What is the units digit of s(2)?
3
Suppose 4*t - 14 = -2*y + 8*t, -5*y = 3*t - 9. Let m(p) = p**2 - 8*p + 7. Let w be m(6). What is the units digit of (w - -2)/((-3)/y)?
3
Let z(f) = 9 + 2*f**2 - 7*f**2 - 2*f**2 + 3*f**3 - 4*f**3 - 7*f. What is the tens digit of z(-7)?
5
Let v(r) = r - 3. Let u be v(2). Let h be (3 + 3/(-1))/u. What is the units digit of ((-1)/2 - h)*-52?
6
Suppose 0 = -3*r + 4 + 11. Suppose -2*z - 2 - 14 = -4*g, r*g - 31 = -3*z. What is the tens digit of (4 - 0) + g*2?
1
Let p(x) = 4 + 2 - 5 - 61*x. Let o be p(-1). Suppose 12 - o = -5*q. What is the units digit of q?
0
Let p(q) = -q**2 - 9*q - 12. Let d be p(-7). Let h be ((-3)/d)/((-54)/(-288)). Let b(s) = -5*s + 6. What is the tens digit of b(h)?
4
Let t(u) be the first derivative of -u**4/12 + 7*u**3/6 + 11*u**2/2 + 7*u + 4. Let x(c) be the first derivative of t(c). What is the tens digit of x(6)?
1
Let b = -3301 + 5399. What is the tens digit of b?
9
Suppose 78*i - 93*i = -41310. What is the hundreds digit of i?
7
Let s(c) = -c**3 - 17*c**2 - c - 12. Let r be s(-17). Suppose l - 3*l + 152 = -2*h, -h = r. What is the tens digit of l?
7
Suppose 9*r = 8*r - 16. Let i = -15 - r. What is the units digit of i*(20/(-2))/(-2)?
5
Let y = 417 - -164. What is the tens digit of y?
8
Let a(b) = -b**3 - b**2 - 2*b. Let c be a(-2). Let g = c + -17. Let d = g - -11. What is the units digit of d?
2
Let y(g) = -7*g + 2*g**2 - 8*g**2 + 12*g - 8*g + g**3 + 4. What is the tens digit of y(7)?
3
Let w(k) = -k - 14. Let l be w(-8). Let i be (l/7)/((-1)/7). Suppose -33 = -9*q + i*q. What is the units digit of q?
1
Let u(v) = -3*v**3 - 12*v**2 - 27*v + 28. What is the tens digit of u(-7)?
5
Suppose k - h - 661 = 2*h, -4*h = -4*k + 2676. What is the units digit of k?
3
Let o = 48 + 73. Suppose 2*j = 10, 2*p - o = j + 120. What is the hundreds digit of p?
1
Let d(w) = 18*w**2 + 8*w - 5. Let t be d(-6). Let h = t - 1013. What is the units digit of h/(-7) + (-28)/(-98)?
0
Let w(y) = -y**3 - 9*y**2 + 31*y + 2. What is the units digit of w(-14)?
8
Suppose -z - 106 + 360 = 0. Suppose -18 - z = -4*j. What is the tens digit of j?
6
Let f(o) = 13*o**3 + 2*o**2 - o. Let q be f(3). Suppose q = 5*w - 3*l, 3*l + 202 = 3*w -